{"id":1424,"date":"2022-01-03T19:19:13","date_gmt":"2022-01-03T19:19:13","guid":{"rendered":"http:\/\/www.socialpower.ch\/?page_id=1424"},"modified":"2022-06-04T14:15:30","modified_gmt":"2022-06-04T14:15:30","slug":"lehrgang","status":"publish","type":"page","link":"https:\/\/www.socialpower.ch\/index.php\/lehrgang\/","title":{"rendered":"Tutorial Social Power Plus App"},"content":{"rendered":"<h3 style=\"text-align: center;\"><strong>Willkommen bei<br \/><\/strong><strong>Social Power Plus<\/strong><\/h3>\n<p style=\"text-align: center;\"><strong>Sie sind zum ersten Mal auf der App?\u00a0Dann registrieren Sie sich!<\/strong><strong><a href=\"http:\/\/www.socialpower.ch\/wp-content\/uploads\/2022\/01\/Tutorial_DE_picture_1.png\"><img loading=\"lazy\" class=\"size-medium wp-image-1545 aligncenter\" src=\"http:\/\/www.socialpower.ch\/wp-content\/uploads\/2022\/01\/Tutorial_DE_picture_1-169x300.png\" alt=\"\" width=\"169\" height=\"300\" srcset=\"https:\/\/www.socialpower.ch\/wp-content\/uploads\/2022\/01\/Tutorial_DE_picture_1-169x300.png 169w, https:\/\/www.socialpower.ch\/wp-content\/uploads\/2022\/01\/Tutorial_DE_picture_1-576x1024.png 576w, https:\/\/www.socialpower.ch\/wp-content\/uploads\/2022\/01\/Tutorial_DE_picture_1.png 750w\" sizes=\"(max-width: 169px) 100vw, 169px\" \/><\/a><\/strong>Sie finden Ihren &#8220;Hauscode&#8221; in der E-Mail-Einladung, die Sie von Social Power Plus erhalten.<br \/>Ihr &#8220;Name des Hauses&#8221; und Ihr Bild werden anderen Nutzernden der App angezeigt.<br \/>Andere Personen in Ihrem Haushalt k\u00f6nnen sich ebenfalls mit demselben &#8220;Code des Hauses&#8221;, aber mit ihrer eigenen E-Mail-Addresse anmelden.<\/p>\n<p style=\"text-align: center;\"><strong>Wieviel Energie willst Du einsparen?<\/strong><br \/><a href=\"http:\/\/www.socialpower.ch\/wp-content\/uploads\/2022\/01\/Tutorial_DE_picture_2a-1.png\"><img loading=\"lazy\" class=\"size-medium wp-image-1577 aligncenter\" src=\"http:\/\/www.socialpower.ch\/wp-content\/uploads\/2022\/01\/Tutorial_DE_picture_2a-1-169x300.png\" alt=\"\" width=\"169\" height=\"300\" srcset=\"https:\/\/www.socialpower.ch\/wp-content\/uploads\/2022\/01\/Tutorial_DE_picture_2a-1-169x300.png 169w, https:\/\/www.socialpower.ch\/wp-content\/uploads\/2022\/01\/Tutorial_DE_picture_2a-1-576x1024.png 576w, https:\/\/www.socialpower.ch\/wp-content\/uploads\/2022\/01\/Tutorial_DE_picture_2a-1.png 750w\" sizes=\"(max-width: 169px) 100vw, 169px\" \/><\/a>Bewegen Sie den Schieber, um Ihr Einsparungsziel festzulegen, sowohl f\u00fcr den Verbrauch von Heizenergie als auch von Strom f\u00fcr die restlichen Elektroger\u00e4te im Haushalt.<\/p>\n<p style=\"text-align: center;\"><strong>Sie k\u00f6nnen jeden Woche \u00fcberpr\u00fcfen<\/strong><strong>\u00a0ob Sie Ihre Ziele erreichen<\/strong><a href=\"http:\/\/www.socialpower.ch\/wp-content\/uploads\/2022\/01\/Tutorial_DE_picture_3b.png\"><img loading=\"lazy\" class=\"size-medium wp-image-1568 aligncenter\" src=\"http:\/\/www.socialpower.ch\/wp-content\/uploads\/2022\/01\/Tutorial_DE_picture_3b-169x300.png\" alt=\"\" width=\"169\" height=\"300\" srcset=\"https:\/\/www.socialpower.ch\/wp-content\/uploads\/2022\/01\/Tutorial_DE_picture_3b-169x300.png 169w, https:\/\/www.socialpower.ch\/wp-content\/uploads\/2022\/01\/Tutorial_DE_picture_3b-576x1024.png 576w, https:\/\/www.socialpower.ch\/wp-content\/uploads\/2022\/01\/Tutorial_DE_picture_3b.png 750w\" sizes=\"(max-width: 169px) 100vw, 169px\" \/><\/a>Wenn Sie weniger Energie verbraucht haben als Ihre Baseline, ist der Hintergrund gr\u00fcn: Sie haben Energie gespart!<br \/>Wenn Sie mehr verbraucht haben als zu Beginn, ist der Hintergrund rot. Versuchen Sie weiter zu sparen!<br \/>Ihre Baseline ist jeweils der Durchschnittsverbrauch vom Vormonat.<\/p>\n<p style=\"text-align: center;\"><strong>Sie k\u00f6nnen Ihren t\u00e4glichen, w\u00f6chentlichen oder langfristigen Verbrauch beobachten<\/strong><a href=\"http:\/\/www.socialpower.ch\/wp-content\/uploads\/2022\/01\/Tutorial_DE_picture_5b.png\"><img loading=\"lazy\" class=\"size-medium wp-image-1542 aligncenter\" src=\"http:\/\/www.socialpower.ch\/wp-content\/uploads\/2022\/01\/Tutorial_DE_picture_5b-197x300.png\" alt=\"\" width=\"197\" height=\"300\" srcset=\"https:\/\/www.socialpower.ch\/wp-content\/uploads\/2022\/01\/Tutorial_DE_picture_5b-197x300.png 197w, https:\/\/www.socialpower.ch\/wp-content\/uploads\/2022\/01\/Tutorial_DE_picture_5b-672x1024.png 672w, https:\/\/www.socialpower.ch\/wp-content\/uploads\/2022\/01\/Tutorial_DE_picture_5b.png 749w\" sizes=\"(max-width: 197px) 100vw, 197px\" \/><\/a>Denken Sie daran, dass in Social Power Plus die Verbrauchsdaten des Vortages angezeigt werden.<\/p>\n<p style=\"text-align: center;\"><strong>Erfahren Sie, wie viel Energie Sie f\u00fcr die Heizung und die anderen Elektroger\u00e4te verbrauchen<a href=\"http:\/\/www.socialpower.ch\/wp-content\/uploads\/2022\/01\/Tutorial_DE_picture_4b.png\"><img loading=\"lazy\" class=\"size-medium wp-image-1541 aligncenter\" src=\"http:\/\/www.socialpower.ch\/wp-content\/uploads\/2022\/01\/Tutorial_DE_picture_4b-195x300.png\" alt=\"\" width=\"195\" height=\"300\" srcset=\"https:\/\/www.socialpower.ch\/wp-content\/uploads\/2022\/01\/Tutorial_DE_picture_4b-195x300.png 195w, https:\/\/www.socialpower.ch\/wp-content\/uploads\/2022\/01\/Tutorial_DE_picture_4b-666x1024.png 666w, https:\/\/www.socialpower.ch\/wp-content\/uploads\/2022\/01\/Tutorial_DE_picture_4b.png 747w\" sizes=\"(max-width: 195px) 100vw, 195px\" \/><\/a><\/strong>Wenn Sie Ihr Haus mit Strom (\u00fcber eine W\u00e4rmepumpe oder direkt) heizen, sch\u00e4tzt Social Power Plus die Energiemenge, die Sie f\u00fcr Heizzwecke (&#8220;Heizen&#8221;) und andere Zwecke (&#8220;Nicht-Heizen&#8221;) verbrauchen. Auch der totale Verbrauch kann eingesehen werden. Unter &#8220;Heizen&#8221; f\u00e4llt auch die Energie, die f\u00fcr die Warmwassererw\u00e4rmung gebraucht wird, wenn dies ebenfalls \u00fcber die Heizung l\u00e4uft.<br \/>In <strong>Wil wird s\u00e4mtlicher Gasverbrauch<\/strong> (auch derjenige f\u00fcr Warmwasseraufbereitung und evtl. Kochen) unter der <strong>Kategorie &#8220;Heizen&#8221;<\/strong> angezeigt.\u00a0Falls Sie einen <strong>separaten Boiler (oder eine separate Elektroheizung) unabh\u00e4ngig von der Heizung<\/strong> haben, wird diese Energie in <strong>Winterthur und Wil der Kategorie &#8220;Nicht-Heizen&#8221;<\/strong> zugerechnet. In <strong>Schaffhausen<\/strong> werden die separaten Boiler\/Elektroheizungen ebenfalls der <strong>Kategorie &#8220;Heizen&#8221;<\/strong> zugerechnet.<\/p>\n<p style=\"text-align: center;\"><strong>Sie k\u00f6nnen sich auch mit \u00e4hnlichen Haushalten vergleichen<\/strong><br \/><a href=\"http:\/\/www.socialpower.ch\/wp-content\/uploads\/2022\/01\/Tutorial_DE_picture_3b.png\"><img loading=\"lazy\" class=\"size-medium wp-image-1568 aligncenter\" src=\"http:\/\/www.socialpower.ch\/wp-content\/uploads\/2022\/01\/Tutorial_DE_picture_3b-169x300.png\" alt=\"\" width=\"169\" height=\"300\" srcset=\"https:\/\/www.socialpower.ch\/wp-content\/uploads\/2022\/01\/Tutorial_DE_picture_3b-169x300.png 169w, https:\/\/www.socialpower.ch\/wp-content\/uploads\/2022\/01\/Tutorial_DE_picture_3b-576x1024.png 576w, https:\/\/www.socialpower.ch\/wp-content\/uploads\/2022\/01\/Tutorial_DE_picture_3b.png 750w\" sizes=\"(max-width: 169px) 100vw, 169px\" \/><\/a>Handelt es sich bei Ihrem Haushalt um eine Familie mit Kindern oder um einen Haushalt mit \u00e4lteren (65+) oder j\u00fcngeren Erwachsenen?<br \/>Social Power Plus zeigt Ihnen, wie viel Energie die anderen, \u00e4nhlichen Haushalte sparen.<br \/>Haben Sie mehr Energie gespart als diese?<\/p>\n<p style=\"text-align: center;\"><strong style=\"font-size: inherit;\"><strong>Brauchen Sie ein paar Tipps, wie Sie Energie sparen k\u00f6nnen?<a href=\"http:\/\/www.socialpower.ch\/wp-content\/uploads\/2022\/01\/Tutorial_DE_picture_7.png\"><img loading=\"lazy\" class=\"size-medium wp-image-1536 aligncenter\" src=\"http:\/\/www.socialpower.ch\/wp-content\/uploads\/2022\/01\/Tutorial_DE_picture_7-169x300.png\" alt=\"\" width=\"169\" height=\"300\" srcset=\"https:\/\/www.socialpower.ch\/wp-content\/uploads\/2022\/01\/Tutorial_DE_picture_7-169x300.png 169w, https:\/\/www.socialpower.ch\/wp-content\/uploads\/2022\/01\/Tutorial_DE_picture_7-576x1024.png 576w, https:\/\/www.socialpower.ch\/wp-content\/uploads\/2022\/01\/Tutorial_DE_picture_7.png 750w\" sizes=\"(max-width: 169px) 100vw, 169px\" \/><\/a><\/strong><\/strong>Entdecken Sie die Liste der Tipps, die Social Power Plus f\u00fcr Sie bereith\u00e4lt.<br \/>Sie sind nach verschiedenen Themen des Energieverbrauchs zu Hause geordnet und alle zwei Wochen kommen neue Themen hinzu.<br \/>Zu jedem Thema finden Sie verschiedene Tipps und einen Hinweis auf ihre Wirkung (Impact).<\/p>\n<p style=\"text-align: center;\"><strong>Sind Sie bereit f\u00fcr eine Energiespar-Challenge zu Hause?<\/strong><br \/><a href=\"http:\/\/www.socialpower.ch\/wp-content\/uploads\/2022\/01\/Tutorial_DE_picture_8.png\"><img loading=\"lazy\" class=\"size-medium wp-image-1537 aligncenter\" src=\"http:\/\/www.socialpower.ch\/wp-content\/uploads\/2022\/01\/Tutorial_DE_picture_8-169x300.png\" alt=\"\" width=\"169\" height=\"300\" srcset=\"https:\/\/www.socialpower.ch\/wp-content\/uploads\/2022\/01\/Tutorial_DE_picture_8-169x300.png 169w, https:\/\/www.socialpower.ch\/wp-content\/uploads\/2022\/01\/Tutorial_DE_picture_8-576x1024.png 576w, https:\/\/www.socialpower.ch\/wp-content\/uploads\/2022\/01\/Tutorial_DE_picture_8.png 750w\" sizes=\"(max-width: 169px) 100vw, 169px\" \/><\/a>Nehmen Sie an den individuellen Challenges von Social Power Plus teil, die alle zwei Wochen ver\u00f6ffentlicht werden.<br \/>Sie k\u00f6nnen an so vielen Challenges teilnehmen, wie Sie m\u00f6chten, und sie auch wiederholen.<\/p>\n<p style=\"text-align: center;\"><strong>W\u00e4hlen Sie den Schwierigkeitsgrad der zu Ihnen passt<\/strong><a href=\"http:\/\/www.socialpower.ch\/wp-content\/uploads\/2022\/01\/Tutorial_DE_picture_9.png\"><img loading=\"lazy\" class=\"size-medium wp-image-1538 aligncenter\" src=\"http:\/\/www.socialpower.ch\/wp-content\/uploads\/2022\/01\/Tutorial_DE_picture_9-169x300.png\" alt=\"\" width=\"169\" height=\"300\" srcset=\"https:\/\/www.socialpower.ch\/wp-content\/uploads\/2022\/01\/Tutorial_DE_picture_9-169x300.png 169w, https:\/\/www.socialpower.ch\/wp-content\/uploads\/2022\/01\/Tutorial_DE_picture_9-576x1024.png 576w, https:\/\/www.socialpower.ch\/wp-content\/uploads\/2022\/01\/Tutorial_DE_picture_9.png 750w\" sizes=\"(max-width: 169px) 100vw, 169px\" \/><\/a>Und dann machen Sie mit! Sie haben zwei Wochen Zeit, um die Challenge, zu der Sie sich verpflichtet haben, zu erf\u00fcllen und abzuschlie\u00dfen.<\/p>\n<p style=\"text-align: center;\"><strong>Um die Challenge abzuschlie\u00dfen, teilen Sie einfach Ihre Erfahrungen auf der Pinnwand<\/strong><br \/>Lesen Sie die Fragen in der App und kommentieren Sie kurz, wie sich Ihre t\u00e4gliche Praxis ver\u00e4ndert hat.<br \/>Sie k\u00f6nnen auch Bilder hinzuf\u00fcgen, um den anderen Teilnehmern zu zeigen, was Sie getan haben.<\/p>\n<p style=\"text-align: center;\"><a href=\"http:\/\/www.socialpower.ch\/wp-content\/uploads\/2022\/01\/Tutorial_DE_picture_10.png\"><img loading=\"lazy\" class=\"size-medium wp-image-1549 aligncenter\" src=\"http:\/\/www.socialpower.ch\/wp-content\/uploads\/2022\/01\/Tutorial_DE_picture_10-169x300.png\" alt=\"\" width=\"169\" height=\"300\" srcset=\"https:\/\/www.socialpower.ch\/wp-content\/uploads\/2022\/01\/Tutorial_DE_picture_10-169x300.png 169w, https:\/\/www.socialpower.ch\/wp-content\/uploads\/2022\/01\/Tutorial_DE_picture_10-576x1024.png 576w, https:\/\/www.socialpower.ch\/wp-content\/uploads\/2022\/01\/Tutorial_DE_picture_10.png 750w\" sizes=\"(max-width: 169px) 100vw, 169px\" \/><\/a><\/p>\n<p style=\"text-align: center;\"><strong>Sie k\u00f6nnen auch die anderen Nachrichten auf der Pinnwand lesen<\/strong><a href=\"http:\/\/www.socialpower.ch\/wp-content\/uploads\/2022\/01\/Tutorial_EN_picture_11.png\"><img loading=\"lazy\" class=\"size-medium wp-image-1411 aligncenter\" src=\"http:\/\/www.socialpower.ch\/wp-content\/uploads\/2022\/01\/Tutorial_EN_picture_11-169x300.png\" alt=\"\" width=\"169\" height=\"300\" srcset=\"https:\/\/www.socialpower.ch\/wp-content\/uploads\/2022\/01\/Tutorial_EN_picture_11-169x300.png 169w, https:\/\/www.socialpower.ch\/wp-content\/uploads\/2022\/01\/Tutorial_EN_picture_11.png 439w\" sizes=\"(max-width: 169px) 100vw, 169px\" \/><\/a>Lesen Sie \u00fcber die Erfahrungen anderer Teilnehmenden an der Challenge und lernen Sie aus deren Kommentaren und Vorschl\u00e4gen, wie Sie Ihren eigenen Energieverbrauch vermindern k\u00f6nnen. Die Pinnw\u00e4nde sind f\u00fcr alle offen, auch f\u00fcr diejenigen, die nicht an der Challenge teilnehmen. Sie k\u00f6nnen sich auch auf der Pinnwand &#8220;Allgemein&#8221; austauschen, um Fragen zu stellen, Ideen zu sammeln oder die anderen Teilnehmenden kennenzulernen.<\/p>\n<p style=\"text-align: center;\"><strong>Helfen Sie Ihrer Region, den regionalen Energiesparwettbewerb zu gewinnen<\/strong><a href=\"http:\/\/www.socialpower.ch\/wp-content\/uploads\/2022\/01\/Tutorial_DE_picture_12b.png\"><img loading=\"lazy\" class=\"size-medium wp-image-1551 aligncenter\" src=\"http:\/\/www.socialpower.ch\/wp-content\/uploads\/2022\/01\/Tutorial_DE_picture_12b-169x300.png\" alt=\"\" width=\"169\" height=\"300\" srcset=\"https:\/\/www.socialpower.ch\/wp-content\/uploads\/2022\/01\/Tutorial_DE_picture_12b-169x300.png 169w, https:\/\/www.socialpower.ch\/wp-content\/uploads\/2022\/01\/Tutorial_DE_picture_12b-576x1024.png 576w, https:\/\/www.socialpower.ch\/wp-content\/uploads\/2022\/01\/Tutorial_DE_picture_12b.png 750w\" sizes=\"(max-width: 169px) 100vw, 169px\" \/><\/a>Sparen Sie in der letzten Woche jeden Monats so viel Energie wie m\u00f6glich: Ihr Energieverbrauch tr\u00e4gt zum regionalen Energiesparwettbewerb bei. Werden die Haushalte der Region Winterthur, Schaffhausen oder Wil mehr Energie sparen?<\/p>\n<p style=\"text-align: center;\"><strong>Brauchen Sie Hilfe oder Unterst\u00fctzung?<\/strong><a href=\"http:\/\/www.socialpower.ch\/wp-content\/uploads\/2022\/01\/Tutorial_DE_picture_13.png\"><img loading=\"lazy\" class=\"size-medium wp-image-1539 aligncenter\" src=\"http:\/\/www.socialpower.ch\/wp-content\/uploads\/2022\/01\/Tutorial_DE_picture_13-169x300.png\" alt=\"\" width=\"169\" height=\"300\" srcset=\"https:\/\/www.socialpower.ch\/wp-content\/uploads\/2022\/01\/Tutorial_DE_picture_13-169x300.png 169w, https:\/\/www.socialpower.ch\/wp-content\/uploads\/2022\/01\/Tutorial_DE_picture_13-576x1024.png 576w, https:\/\/www.socialpower.ch\/wp-content\/uploads\/2022\/01\/Tutorial_DE_picture_13.png 750w\" sizes=\"(max-width: 169px) 100vw, 169px\" \/><\/a>Lesen Sie unsere FAQs oder kontaktieren Sie uns unter <a href=\"mailto:socialpowerplus@zhaw.ch\">socialpowerplus@zhaw.ch<\/a><\/p>\n<p style=\"text-align: center;\">Hier finden Sie ausserdem die <a href=\"http:\/\/www.socialpower.ch\/wp-content\/uploads\/2022\/02\/App_Einfuhrung.pdf\">Pr\u00e4sentation des 1. Energiesparf\u00fcchse-Treffens<\/a> zur App-Einf\u00fchrung.<\/p>\n<p style=\"text-align: center;\">Und hier die <a href=\"http:\/\/www.socialpower.ch\/wp-content\/uploads\/2022\/02\/2_onlineTreffen_Erfahrungen_website.pdf\">Pr\u00e4sentation des 2. Energiesparf\u00fcchse-Treffens<\/a> zum Forschungsprojekt allgemein und zur Aufschl\u00fcsselung der Daten.<\/p>\n\n\n<p><\/p>\n","protected":false},"excerpt":{"rendered":"<p>Willkommen beiSocial Power Plus Sie sind zum ersten Mal auf der App?\u00a0Dann registrieren Sie sich!Sie finden Ihren &#8220;Hauscode&#8221; in der E-Mail-Einladung, die Sie von Social Power Plus erhalten.Ihr &#8220;Name des Hauses&#8221; und Ihr Bild werden anderen Nutzernden der App angezeigt.Andere Personen in Ihrem Haushalt k\u00f6nnen sich ebenfalls mit demselben &#8220;Code des Hauses&#8221;, aber mit ihrer&hellip;<\/p>\n","protected":false},"author":4,"featured_media":0,"parent":0,"menu_order":0,"comment_status":"closed","ping_status":"closed","template":"","meta":[],"_links":{"self":[{"href":"https:\/\/www.socialpower.ch\/index.php\/wp-json\/wp\/v2\/pages\/1424"}],"collection":[{"href":"https:\/\/www.socialpower.ch\/index.php\/wp-json\/wp\/v2\/pages"}],"about":[{"href":"https:\/\/www.socialpower.ch\/index.php\/wp-json\/wp\/v2\/types\/page"}],"author":[{"embeddable":true,"href":"https:\/\/www.socialpower.ch\/index.php\/wp-json\/wp\/v2\/users\/4"}],"replies":[{"embeddable":true,"href":"https:\/\/www.socialpower.ch\/index.php\/wp-json\/wp\/v2\/comments?post=1424"}],"version-history":[{"count":31,"href":"https:\/\/www.socialpower.ch\/index.php\/wp-json\/wp\/v2\/pages\/1424\/revisions"}],"predecessor-version":[{"id":1673,"href":"https:\/\/www.socialpower.ch\/index.php\/wp-json\/wp\/v2\/pages\/1424\/revisions\/1673"}],"wp:attachment":[{"href":"https:\/\/www.socialpower.ch\/index.php\/wp-json\/wp\/v2\/media?parent=1424"}],"curies":[{"name":"wp","href":"https:\/\/api.w.org\/{rel}","templated":true}]}}